{"id":37,"date":"2016-12-01T18:09:44","date_gmt":"2016-12-01T18:09:44","guid":{"rendered":"http:\/\/192.168.178.5\/?page_id=37"},"modified":"2024-07-18T13:07:55","modified_gmt":"2024-07-18T13:07:55","slug":"ueber-mich","status":"publish","type":"page","link":"https:\/\/www.rtinformatik.com\/index.php\/ueber-mich\/","title":{"rendered":"\u00dcber mich"},"content":{"rendered":"<p><img loading=\"lazy\" decoding=\"async\" class=\"size-medium wp-image-125 aligncenter\" src=\"http:\/\/www.rtinformatik.com\/wp-content\/uploads\/2016\/12\/Photo-CV-2019-02-20_small-200x300.jpg\" alt=\"\" width=\"200\" height=\"300\" srcset=\"https:\/\/www.rtinformatik.com\/wp-content\/uploads\/2016\/12\/Photo-CV-2019-02-20_small-200x300.jpg 200w, https:\/\/www.rtinformatik.com\/wp-content\/uploads\/2016\/12\/Photo-CV-2019-02-20_small-768x1154.jpg 768w, https:\/\/www.rtinformatik.com\/wp-content\/uploads\/2016\/12\/Photo-CV-2019-02-20_small-681x1024.jpg 681w, https:\/\/www.rtinformatik.com\/wp-content\/uploads\/2016\/12\/Photo-CV-2019-02-20_small-1200x1803.jpg 1200w, https:\/\/www.rtinformatik.com\/wp-content\/uploads\/2016\/12\/Photo-CV-2019-02-20_small.jpg 1416w\" sizes=\"(max-width: 200px) 85vw, 200px\" \/><\/p>\n<p>Mein Name ist Romuald Thirache.<\/p>\n<p>Geboren in Frankreich, verheiratet und lebe seit 1996 in meiner Wahlheimat G\u00fctersloh.<\/p>\n<p>Schon im Alter von 15 Jahren habe ich mich autodidaktisch intensiv mit dem Programmieren und jeglicher Art von Arbeiten mit EDV besch\u00e4ftigt.<\/p>\n<p>Als Analyst und Projektmanager habe ich, nach einem IT-Universit\u00e4tsstudium in Orl\u00e9ans, viele Jahre f\u00fcr Firmen wie IBM, IBSI, AT&amp;T in Frankreich und England gearbeitet.<\/p>\n<p>Seit 1997 biete ich meine Leistungen als Freiberufler und<\/p>\n<p>seit 1998 als Teilhabendergesch\u00e4ftsf\u00fchrer einer Consulting und Softwareentwicklungs GmbH im Kreis G\u00fctersloh an.<\/p>\n<p>Gerne helfe ich auch Ihnen bei PC-Installationen, Netzwerkaufbau, Software-Installationen und Wartungen.<\/p>\n<p>Ich freue mich auf Ihren Kontakt und wenn Sie Fragen haben, bitte oben auf Kontakt klicken.<\/p>\n<p>Mit freundlichen Gr\u00fc\u00dfen<\/p>\n<p>Romuald Thirache<\/p>\n","protected":false},"excerpt":{"rendered":"<p>Mein Name ist Romuald Thirache. Geboren in Frankreich, verheiratet und lebe seit 1996 in meiner Wahlheimat G\u00fctersloh. Schon im Alter von 15 Jahren habe ich mich autodidaktisch intensiv mit dem Programmieren und jeglicher Art von Arbeiten mit EDV besch\u00e4ftigt. Als Analyst und Projektmanager habe ich, nach einem IT-Universit\u00e4tsstudium in Orl\u00e9ans, viele Jahre f\u00fcr Firmen wie &hellip; <a href=\"https:\/\/www.rtinformatik.com\/index.php\/ueber-mich\/\" class=\"more-link\"><span class=\"screen-reader-text\">\u201e\u00dcber mich\u201c<\/span> weiterlesen<\/a><\/p>\n","protected":false},"author":1,"featured_media":0,"parent":0,"menu_order":0,"comment_status":"closed","ping_status":"closed","template":"","meta":{"footnotes":""},"class_list":["post-37","page","type-page","status-publish","hentry"],"_links":{"self":[{"href":"https:\/\/www.rtinformatik.com\/index.php\/wp-json\/wp\/v2\/pages\/37"}],"collection":[{"href":"https:\/\/www.rtinformatik.com\/index.php\/wp-json\/wp\/v2\/pages"}],"about":[{"href":"https:\/\/www.rtinformatik.com\/index.php\/wp-json\/wp\/v2\/types\/page"}],"author":[{"embeddable":true,"href":"https:\/\/www.rtinformatik.com\/index.php\/wp-json\/wp\/v2\/users\/1"}],"replies":[{"embeddable":true,"href":"https:\/\/www.rtinformatik.com\/index.php\/wp-json\/wp\/v2\/comments?post=37"}],"version-history":[{"count":13,"href":"https:\/\/www.rtinformatik.com\/index.php\/wp-json\/wp\/v2\/pages\/37\/revisions"}],"predecessor-version":[{"id":143,"href":"https:\/\/www.rtinformatik.com\/index.php\/wp-json\/wp\/v2\/pages\/37\/revisions\/143"}],"wp:attachment":[{"href":"https:\/\/www.rtinformatik.com\/index.php\/wp-json\/wp\/v2\/media?parent=37"}],"curies":[{"name":"wp","href":"https:\/\/api.w.org\/{rel}","templated":true}]}}